5?
3
Convert -2 (base 15) to base 6.
-2
What is -2 (base 7) in base 15?
-2
What is 14 (base 14) in base 5?
33
0 (base 5) to base 13
0
What is -22 (base 12) in base 9?
-28
Convert -95 (base 16) to base 15.
-9e
Convert 22 (base 12) to base 11.
24
Convert -2 (base 13) to base 12.
-2
Convert 140 (base 5) to base 15.
30
What is -8 (base 10) in base 4?
-20
What is -29 (base 10) in base 3?
-1002
Convert 234 (base 10) to base 14.
12a
What is -5 (base 12) in base 13?
-5
What is 0 (base 13) in base 11?
0
Convert 2 (base 16) to base 14.
2
What is -2 (base 13) in base 2?
-10
Convert 2 (base 4) to base 2.
10
2 (base 12) to base 10
2
Convert a (base 15) to base 9.
11
Convert 15 (base 15) to base 5.
40
What is 1 (base 5) in base 10?
1
Convert -12 (base 3) to base 10.
-5
Convert -a9 (base 14) to base 10.
-149
What is 2 (base 3) in base 5?
2
What is -1 (base 15) in base 9?
-1
What is 96 (base 16) in base 2?
10010110
-157 (base 8) to base 11
-a1
What is -10 (base 3) in base 11?
-3
What is 36 (base 9) in base 7?
45
10 (base 3) to base 16
3
12 (base 3) to base 10
5
What is -1005 (base 6) in base 14?
-11b
Convert 1 (base 7) to base 5.
1
-3 (base 8) to base 12
-3
What is 14 (base 12) in base 9?
17
-4 (base 6) to base 9
-4
12 (base 6) to base 8
10
Convert -100 (base 8) to base 2.
-1000000
What is -26 (base 11) in base 2?
-11100
What is -1101100 (base 2) in base 3?
-11000
Convert -2 (base 9) to base 5.
-2
Convert 8 (base 13) to base 6.
12
-a (base 16) to base 14
-a
Convert 111 (base 13) to base 3.
20210
Convert -19 (base 11) to base 15.
-15
Convert 16 (base 8) to base 3.
112
-1 (base 7) to base 15
-1
-2 (base 6) to base 12
-2
Convert 10 (base 9) to base 16.
9
What is 10 (base 8) in base 2?
1000
-131 (base 7) to base 12
-5b
6 (base 14) to base 9
6
-11 (base 15) to base 7
-22
Convert -10 (base 11) to base 4.
-23
Convert -23 (base 9) to base 12.
-19
177 (base 8) to base 3
11201
1c (base 14) to base 11
24
-4 (base 7) to base 10
-4
Convert 2 (base 7) to base 12.
2
Convert -4 (base 7) to base 9.
-4
-6a (base 15) to base 16
-64
What is -4 (base 10) in base 8?
-4
What is -33 (base 5) in base 4?
-102
Convert -67 (base 16) to base 11.
-94
What is 25 (base 16) in base 9?
41
27 (base 14) to base 5
120
Convert -11 (base 4) to base 10.
-5
What is 0 (base 12) in base 5?
0
-210 (base 3) to base 4
-111
What is 41 (base 8) in base 15?
23
-11 (base 15) to base 16
-10
-5 (base 15) to base 12
-5
a1 (base 13) to base 7
245
What is 1c (base 15) in base 9?
30
Convert -101010 (base 2) to base 14.
-30
Convert 1100 (base 2) to base 11.
11
3 (base 16) to base 13
3
-40 (base 8) to base 11
-2a
What is 1 (base 14) in base 3?
1
9 (base 13) to base 7
12
What is -a (base 16) in base 9?
-11
10021 (base 3) to base 4
1120
-4 (base 12) to base 9
-4
-10 (base 7) to base 14
-7
Convert -100 (base 2) to base 4.
-10
What is -2 (base 9) in base 7?
-2
What is 3d (base 15) in base 2?
111010
Convert 32 (base 6) to base 4.
110
19 (base 12) to base 13
18
What is 0 (base 12) in base 8?
0
-9 (base 14) to base 8
-11
61 (base 16) to base 6
241
Convert 12 (base 10) to base 5.
22
Convert 3331 (base 4) to base 5.
2003
What is 60 (base 10) in base 7?
114
-3 (base 8) to base 14
-3
Convert -15 (base 6) to base 2.
-1011
Convert 2 (base 9) to base 2.
10
What is -6 (base 8) in base 13?
-6
What is -311 (base 10) in base 14?
-183
What is -2 (base 5) in base 10?
-2
-10002 (base 3) to base 15
-58
-3 (base 14) to base 12
-3
-6 (base 12) to base 7
-6
What is 9 (base 11) in base 2?
1001
What is -10111010 (base 2) in base 7?
-354
-5 (base 16) to base 4
-11
What is 13 (base 11) in base 8?
16
Convert 21 (base 14) to base 2.
11101
What is -3 (base 13) in base 8?
-3
Convert 0 (base 14) to base 16.
0
4 (base 11) to base 10
4
-31 (base 15) to base 4
-232
Convert -1 (base 9) to base 6.
-1
Convert -230 (base 4) to base 6.
-112
Convert -10 (base 3) to base 10.
-3
What is 12 (base 9) in base 3?
102
What is 30 (base 14) in base 7?
60
Convert -12 (base 3) to base 8.
-5
What is -214 (base 7) in base 16?
-6d
What is 25 (base 6) in base 2?
10001
What is -88 (base 12) in base 4?
-1220
What is -110 (base 2) in base 3?
-20
What is -12 (base 7) in base 2?
-1001
What is 56 (base 8) in base 6?
114
7 (base 9) to base 16
7
Convert 2 (base 12) to base 13.
2
3 (base 15) to base 14
3
What is -4 (base 8) in base 15?
-4
What is -2110 (base 3) in base 11?
-60
Convert 14 (base 6) to base 10.
10
What is -4 (base 14) in base 10?
-4
What is 1 (base 15) in base 12?
1
What is 3 (base 6) in base 4?
3
What is 9 (base 14) in base 7?
12
Convert -111 (base 3) to base 6.
-21
What is -2 (base 16) in base 3?
-2
5 (base 7) to base 5
10
-22 (base 16) to base 8
-42
-2 (base 6) to base 15
-2
What is 24 (base 12) in base 10?
28
Convert -110000 (base 2) to base 5.
-143
What is 4 (base 15) in base 10?
4
What is -114 (base 9) in base 12?
-7a
Convert 17 (base 16) to base 4.
113
Convert 6 (base 15) to base 7.
6
What is -17 (base 15) in base 5?
-42
Convert -141 (base 8) to base 2.
-1100001
What is -3 (base 6) in base 11?
-3
Convert 26 (base 10) to base 16.
1a
-4 (base 7) to base 8
-4
-18 (base 9) to base 4
-101
-2 (base 16) to base 14
-2
Convert -223 (base 4) to base 5.
-133
Convert 3 (base 11) to base 12.
3
Convert 11 (base 11) to base 4.
30
Convert 1001 (base 4) to base 15.
45
What is 3 (base 10) in base 13?
3
What is 7 (base 12) in base 8?
7
21 (base 4) to base 14
9
4 (base 6) to base 2
100
Convert -1011 (base 2) to base 16.
-b
What is 11 (base 4) in base 8?
5
Convert 46 (base 10) to base 7.
64
21 (base 3) to base 14
7
Convert -152 (base 6) to base 8.
-104
1301 (base 4) to base 8
161
Convert -2210 (base 3) to base 5.
-300
Convert 10 (base 3) to base 5.
3
Convert -2 (base 13) to base 14.
-2
What is -6 (base 12) in base 2?
-110
What is -122 (base 3) in base 14?
-13
Convert 10 (base 9) to base 12.
9
Convert 124 (base 5) to base 11.
36
Convert -22 (base 6) to base 7.
-20
14 (base 13) to base 14
13
What is -230 (base 4) in base 7?
-62
Convert -1 (base 5) to base 6.
-1
Convert -2 (base 4) to base 6.
-2
What is 1 (base 15) in base 10?
1
-96 (base 11) to base 3
-10220
What is -10001 (base 2) in base 8?
-21
Convert -3 (base 14) to base 4.
-3
What is -10 (base 4) in base 8?
-4
Convert -11 (base 5) to base 11.
-6
What is -6 (base 12) in base 4?
-12
-15 (base 13) to base 2
-10010
Convert 9 (base 13) to base 14.
9
-20 (base 5) to base 13
-a
-f (base 16) to base 2
-1111
What is 46 (base 7) in base 8?
42
What is -432 (base 7) in base 9?
-263
Convert 11 (base 5) to base 3.
20
What is 3 (base 5) in base 13?
3
23 (base 14) to base 5
111
What is -5b (base 15) in base 3?
-10012
Convert -19 (base 12) to base 16.
-15
-132 (base 5) to base 8
-52
What is 21 (base 3) in base 6?
11
What is 11 (base 13) in base 7?
20
0 (base 6) to base 4
0
What is 9 (base 16) in base 6?
13
Convert 27 (base 13) to base 3.
1020
-20 (base 13) to base 10
-26
Convert -10 (base 13) to base 8.
-15
Convert 3 (base 11) to base 6.
3
-66 (base 9) to base 4
-330
54 (base 12) to base 9
71
What is -9 (base 16) in base 10?
-9
-62 (base 16) to base 12
-82
Convert -1 (base 4) to base 16.
-1
-1 (base 16) to base 12
-1
-28 (base 14) to base 8
-44
Convert 143 (base 5) to base 10.
48
-333 (base 6) to base 11
-108
What is 215 (base 7) in base 4?
1232
-2 (base 7) to base 15
-2
What is -2d (base 16) in base 5?
-140
Convert -4 (base 16) to base 4.
-10
What is b8 (base 12) in base 4?
2030
Convert -32 (base 9) to base 14.
-21
What is 3 (base 6) in base 8?
3
1 (base 7) to base 14
1
340 (base 5) to base 8
137
304 (base 6) to base 11
a2
Convert -10 (base 7) to base 2.
-111
What is -1100 (base 2) in base 8?
-14
Convert 100111 (base 2) to base 10.
39
-1 (base 11) to base 9
-1
What is 123 (base 4) in base 14?
1d
Convert -78 (base 11) to base 8.
-125
1112 (base 4) to base 2
1010110
What is 5 (base 8) in base 4?
11
Convert 111 (base 3) to base 15.
d
What is 16 (base 7) in base 5?
23
Convert 55 (base 12) to base 2.
1000001
What is 41 (base 8) in base 2?
100001
What is 3 (base 10) in base 16?
3
Convert -110 (base 2) to base 10.
-6
Convert -34 (base 7) to base 14.
-1b
What is f (base 16) in base 5?
30
What is 1 (base 12) in base 11?
1
-23 (base 7) to base 15
-12
Convert -2 (base 5) to base 14.
-2
-3 (base 12) to base 2
-11
What is 7 (base 16) in base 15?
7
What